s c(-2)?
-5
Let a(u) = 5*u - 12. Let o(q) = -q + 3. Let m(k) = 2*a(k) + 9*o(k). Determine m(-5).
-2
Let o(t) = 6*t**3 - 2*t + 1. Let d be (0 - (-2 - -3))*(-5)/5. What is o(d)?
5
Let c(b) = -5*b**3 + 5*b**2 + 6*b - 9. Let o(q) = 14*q**3 - 15*q**2 - 18*q + 26. Let v(r) = -11*c(r) - 4*o(r). Let t be v(6). Let h(g) = -2*g - 7. Give h(t).
3
Let w(u) = u - 10. Let c(x) = x**3 - 4*x**2 + 2*x. Suppose 25 - 5 = 5*q. Let g be c(q). Determine w(g).
-2
Let w(n) be the third derivative of -n**5/60 - n**4/24 + 5*n**3/6 + 40*n**2. What is w(-6)?
-25
Suppose -3*o = -4*o. Suppose -6*j + o*j + 6 = 0. Let f(d) = 2*d**3. Give f(j).
2
Let g(u) = u**2 + 6*u - 7. Suppose 0 = 2*p - 60 + 4. Suppose 4*j = 4*i + p, -2*j - 14 = 2*i - 0*j. Give g(i).
0
Let i(y) be the third derivative of 0 - 7/6*y**3 + 0*y + 1/24*y**4 + 2*y**2. Calculate i(6).
-1
Let i = 2 - 2. Let v(z) = z + 7 + z + i. Give v(-5).
-3
Let s = 101 - 106. Let l(y) = y**2 + 3*y + 2. Calculate l(s).
12
Let n(q) = -q**2 + q - 2. Suppose 3*l + 3*i - 3 = 0, -4*l = -6*i + i + 23. Let r = l + 5. Determine n(r).
-8
Let k(l) be the third derivative of l**7/5040 - l**6/720 + l**5/60 - 4*l**2. Let w(c) be the third derivative of k(c). Determine w(2).
1
Let t(r) = -24 + 3*r - 18 + 48. Give t(-4).
-6
Let h(i) = i**3 - 5*i**2 + 3*i. Let b be h(4). Let y(w) = 2*w**2 + 5*w - 4. Calculate y(b).
8
Let p be 13/(-5) - (-2)/(-5). Let z(u) = 2*u**2 + 4*u. What is z(p)?
6
Let f(y) = y**3 - 3*y**2 - 4. Suppose -2 - 4 = 3*v, 5*t + 3*v + 11 = 0. Let b be (-3 - t)*35/(-14). Suppose q = -x - 1, -2*x = -b*q + 3*x + 35. What is f(q)?
-4
Suppose -4*x + 6*x = 0. Let l(t) = 4 + x*t - 5*t - 3 + 3*t. What is l(-2)?
5
Let f(s) = -8*s - 13. Let j(a) = 2*a + 3. Let q(w) = 2*f(w) + 9*j(w). What is q(-6)?
-11
Let q = -22 - -24. Let z(n) = 0*n**2 + 2*n**2 + 3 + n + n**3 + 2*n**q. Give z(-4).
-1
Let i(p) be the first derivative of 1/3*p**3 + 1 - 1/2*p**2 + 2*p**4 + 0*p. Determine i(1).
8
Let c = -1 + 1. Suppose c = 3*f - 5*z - 31, 17 = 5*f - z + 2. Let a(m) = -f*m**2 - 2*m + m - 8*m**3 + m**2 - m**2. Determine a(-1).
7
Let u(k) be the third derivative of k**5/60 + k**4/24 + k**3/3 + 8*k**2. Give u(0).
2
Let l(m) = -m - 1. Let y(r) = -r**2 - 2*r + 3. Let d(x) = l(x) + y(x). Suppose -6*b + 20 = -b. Suppose -b*k = -8*k - 8. What is d(k)?
4
Let j = 29 - 26. Let t be (j/6)/(4/8). Let h(c) = 3*c**3 - c + 1. Determine h(t).
3
Suppose 3*n - n = 20. Let r = n + -12. Let q(o) = o**3 + o**2 - 2*o - 3. Determine q(r).
-3
Let z(a) = -2*a**2 - 5*a + 3*a**2 - 2*a**2 + 4. What is z(-6)?
-2
Let u(n) = n**2 - n - 2. Suppose 4*h - 18 = -6. Give u(h).
4
Let z(w) be the second derivative of -w**4/12 + w**3 - 7*w**2/2 - 16*w. Calculate z(5).
-2
Suppose -1 + 16 = -3*y. Let x(s) be the second derivative of -s**2 + s - 2/3*s**3 - 1/12*s**4 + 0. Determine x(y).
-7
Let q be -2 - -19 - (-8 - -5). Let h be 5/(q/12) + -8. Let d(l) = -l**2 - 4*l + 1. Determine d(h).
-4
Let t(g) be the second derivative of g**3/6 - 2*g**2 - 4*g. Suppose -6*v = -3*v. What is t(v)?
-4
Suppose -f - 7*f = 24. Let u(s) = s**3 + 3*s**2 + 2*s - 3. Calculate u(f).
-9
Let c be 3*(-3)/(15/5). Let u(l) = l**3 + 3*l**2 - 3*l - 3. What is u(c)?
6
Let j = 3 + -1. Suppose 2 = 2*k - j. Let c be ((3 + -3)/(-2))/k. Let s(h) = -h + 2. What is s(c)?
2
Suppose 3*j = -9 - 12. Let p(u) = u**3 + 7*u**2 - u - 2. Give p(j).
5
Suppose -2*u + 19 = 2*z + z, -2*z = -10. Let b(f) = -f + 2*f**u - 4 - 3 + f**3 + 5. Determine b(-2).
0
Let h(d) = d**2 - 13*d + 8. Let j be h(12). Let w(q) = -7*q**2 + 18*q + 22. Let f(y) = -3*y**2 + 9*y + 11. Let k(t) = j*w(t) + 9*f(t). Give k(-8).
3
Let v(o) = 3*o**3 + 5*o**2 - o + 4. Let h(k) = -k**3 - k. Let b(s) = s - 2. Let y be b(6). Let p(l) = y*h(l) + v(l). Calculate p(3).
7
Let b be (-15)/(-4) + 7/28. Let h(c) = c**2 - 4*c - 2. Give h(b).
-2
Let a be 2 - 7*(3 + -2). Let i(k) be the first derivative of -k**4/24 - k**3 + 7*k**2/2 + 7. Let z(w) be the second derivative of i(w). What is z(a)?
-1
Let h(o) be the third derivative of o**6/120 + o**5/60 - o**4/24 + 2*o**3/3 - 3*o**2. Give h(-3).
-11
Let g = -19 - -23. Let y(w) be the second derivative of -1/20*w**5 + 2/3*w**3 + 0 + 3/2*w**2 + 2*w - 1/3*w**g. Calculate y(-5).
8
Let t(a) be the second derivative of a**5/20 + a**4 - 13*a**3/6 + 3*a**2/2 + 23*a. Calculate t(-13).
3
Let b = -21 + 30. Let m be 34/(-6) - 3/b. Let l(t) = t**3 + 6*t**2 - t - 8. Give l(m).
-2
Let n = 7 + -9. Let g(v) = 2*v**3 + v**2 + 4*v. Let z(h) = h**3 + 3*h. Let m(x) = 3*g(x) - 4*z(x). Give m(n).
-4
Let p(q) = -q**3 - 4*q**2 + 5*q - 5. Suppose -2*k = 7 - 3. Let o be (10/8)/(k/8). Give p(o).
-5
Let b(f) = 0*f**3 + 0*f + 6*f + 2 + 5*f**2 - f**3. Let u(n) = n**3 - 5*n**2 - 5*n - 6. Let d be u(6). Suppose d = -4*j - 7 + 31. Determine b(j).
2
Let u(d) = -5*d - 9. Let j(w) = -8*w - 17. Let t(p) = 3*j(p) - 5*u(p). Determine t(4).
-2
Let y be (-1)/(-3) + (-32)/(-12). Let g(r) = -3*r**2 + 3*r**3 - 2*r - r**2 - r**2 - 4*r**y + 1. Calculate g(-4).
-7
Let h(c) be the first derivative of -c**4/4 + c**2/2 + 5*c - 1. Let s = 0 + 0. Calculate h(s).
5
Let p(d) be the second derivative of d**6/360 - d**5/24 + 5*d**4/24 + d**3 + 5*d. Let x(u) be the second derivative of p(u). What is x(4)?
1
Let s(w) = 5*w**3 - w. Let d be s(-1). Let n(l) be the third derivative of -2*l**2 - 1/12*l**4 + 1/20*l**5 + 0*l + 1/120*l**6 + 1/6*l**3 + 0. What is n(d)?
-7
Let l(x) = -2*x**3 + 5*x**2 + 4*x - 4. Let a(i) = 2*i**3 - 6*i**2 - 5*i + 5. Let r(p) = -4*a(p) - 5*l(p). Let m(b) = 2*b + 31. Let j be m(-16). Give r(j).
-3
Let j be 1/(-4) - 28/16. Let c(w) = 4*w**2 + w**3 + w**2 + 2*w + 1 - 2*w**2. Determine c(j).
1
Let s = 19 + -24. Let h(z) = z**2 + 5*z + 3. Let r(l) = -2*l**2 - 10*l - 6. Let p(m) = s*h(m) - 3*r(m). What is p(-3)?
-3
Let t be (3/2)/((-6)/(-12)). Let h(o) = -t + 4 - 2*o + 3*o - 2*o**2. What is h(2)?
-5
Let v be (0*2/(-8))/2. Suppose v = 4*a + 5*o + 5, -a - 2*o + 3 = 5. Let z(p) = -p**3 - 4. Calculate z(a).
-4
Let g(j) = 2*j**2 - 11*j - 4. Let k be g(6). Let t(n) be the first derivative of 4 - 4*n + 1/3*n**3 + 1/2*n**k. Determine t(-4).
8
Suppose -4*a + 1 = -3. Suppose -2*g - g + a = -m, 0 = 3*m + 2*g - 30. Suppose -3*o = 1 + m. Let v(z) = -z**2 - 2*z. Calculate v(o).
-3
Let s(q) = q**2 + 4*q - 3. Let d be -1 + 10/6 + (-8)/(-6). Determine s(d).
9
Let p = 17 - 15. Let w(t) = -1 + 0 - 49*t**3 + p*t**2 + 43*t**3. Determine w(1).
-5
Let n(f) = -2*f**2 + 2*f - 1. Let o be (-6)/2*1/(-3). What is n(o)?
-1
Let l(i) = -i**2 - 5*i - 3. Let v be (-3)/12 + 13/4. Suppose -15 = -2*j - v*j. Suppose -5*s + 27 = -d, 0*d + j = d + s. What is l(d)?
3
Let c be (-18)/(-12)*(-4)/3. Let n(k) = -2*k - 1. Let t(d) = -5*d - 3. Let x(o) = c*t(o) + 7*n(o). Give x(-2).
7
Suppose 6*h = 5*h - 8. Let l(z) = -z**2 - 7*z + 8. What is l(h)?
0
Let n(a) = -4*a**2 - 2*a + 2. Let t be n(1). Let k(d) be the second derivative of -d**4/12 - 2*d**3/3 - d**2/2 - d. Give k(t).
-1
Let y(a) = 3*a - 12. Let j be y(4). Let n(k) = k + 16. Determine n(j).
16
Let l(t) = t**3 + 10*t**2 - t + 6. Let h be l(-10). Let s be (-68)/h - (-1)/4. Let v(z) = z - 2. Give v(s).
-6
Let d(t) = t**3 - 6*t**2 + 2*t - 9. Let o be d(6). Suppose -o*g = 8 + 13. Let y(h) = h**2 + 5*h - 10. Determine y(g).
4
Let b(h) = h**3 - 4*h**2 - 7*h + 7. Let j be b(5). Let q = j - -6. Suppose 0 = -2*k - k - 3*t - 6, -q*t - 8 = 2*k. Let y(o) = -2*o**2 + o - 2. Give y(k).
-8
Let f(k) = -k**3 - 6*k**2 - 3*k. Let v(n) = -n**3 + n**2 + n - 2. Let s be v(2). Determine f(s).
-20
Let g(r) = -r**2 - 21*r + 26. Let a be g(-22). Let x(z) be the first derivative of -5/3*z**3 + 1/4*z**a + 1 + 3/2*z**2 - 2*z. What is x(4)?
-6
Let l(o) = o + 4. Let z(w) = -9*w + 23. Let g be z(3). What is l(g)?
0
Let a = 5 - 2. Let o(k) = -3*k**3 + 5*k**2 + k - 6. Let n(b) = -13*b**3 + 21*b**2 + 4*b - 25. Let u(q) = -2*n(q) + 9*o(q). Give u(a).
-1
Let l(z) = z - 6. Let x = 38 - 35. Determine l(x).
-3
Let b(i) be the third derivative of -i**6/120 + i**5/30 - i**4/6 + 2*i**3/3 + 2*i**2 - 15. What is b(3)?
-17
Let l(a) be the third derivative of 0*a**4 + 0 + 0*a - 1/120*a**6 + 4*a**2 - 1/3*a**3 + 1/15*a**5. Determine l(4).
-2
Let i be (1 + 2)*8/6. Let t(q) = -1 + q - i + 0*q. Calculate t(-5).
-10
Suppose 2*g + 5*z = 18, 0 = 2*g - g - 3*z + 13. Let i(h) = -4*h**3 + h. Determine i(g).
3
Let o be -1 - (5/((-15